le of 59?
True
Does 28 divide 700?
True
Is 30429 a multiple of 21?
True
Does 20 divide 21358?
False
Is 20618 a multiple of 122?
True
Is 3829 a multiple of 25?
False
Does 3 divide 4564?
False
Is 4014 a multiple of 50?
False
Is 5475 a multiple of 5?
True
Is 1474 a multiple of 7?
False
Does 26 divide 988?
True
Does 301 divide 37625?
True
Does 25 divide 1009?
False
Is 306 a multiple of 11?
False
Is 11 a factor of 308?
True
Does 34 divide 1700?
True
Is 1948 a multiple of 7?
False
Is 177 a factor of 4576?
False
Is 6 a factor of 23149?
False
Is 6 a factor of 9478?
False
Is 1253 a multiple of 11?
False
Is 132 a factor of 9876?
False
Is 8 a factor of 2343?
False
Does 74 divide 518?
True
Is 16 a factor of 14080?
True
Is 9627 a multiple of 100?
False
Is 1224 a multiple of 102?
True
Is 67 a factor of 19504?
False
Is 6 a factor of 2748?
True
Is 1955 a multiple of 50?
False
Is 194 a multiple of 38?
False
Is 2 a factor of 26?
True
Is 8267 a multiple of 60?
False
Is 4809 a multiple of 12?
False
Is 11 a factor of 757?
False
Does 76 divide 684?
True
Does 37 divide 1100?
False
Does 45 divide 1528?
False
Is 35052 a multiple of 12?
True
Does 5 divide 445?
True
Is 109 a factor of 5014?
True
Is 684 a multiple of 19?
True
Is 94 a factor of 2632?
True
Is 540 a multiple of 54?
True
Is 411 even?
False
Does 44 divide 13483?
False
Does 10 divide 3600?
True
Does 32 divide 1079?
False
Is 8690 a multiple of 12?
False
Does 76 divide 654?
False
Does 35 divide 31465?
True
Is 6900 a multiple of 10?
True
Is 10 a multiple of 3?
False
Does 81 divide 7452?
True
Does 16 divide 4040?
False
Is 24 a factor of 2362?
False
Is 256 a multiple of 16?
True
Does 10 divide 650?
True
Is 40 a factor of 4480?
True
Is 2012 a multiple of 20?
False
Is 21195 a multiple of 45?
True
Is 34469 a multiple of 234?
False
Does 57 divide 627?
True
Does 9 divide 202?
False
Does 211 divide 90097?
True
Does 8 divide 8664?
True
Is 20500 a multiple of 41?
True
Does 86 divide 54913?
False
Does 4 divide 487?
False
Does 71 divide 2218?
False
Is 29 a factor of 3156?
False
Is 67 a factor of 30619?
True
Is 20 a factor of 100?
True
Is 24 a factor of 1248?
True
Is 61 a factor of 16592?
True
Does 10 divide 750?
True
Does 85 divide 85?
True
Is 12728 a multiple of 15?
False
Does 19 divide 444?
False
Does 12 divide 12582?
False
Is 19739 a multiple of 9?
False
Is 8 a factor of 200?
True
Does 27 divide 475?
False
Is 16 a multiple of 12?
False
Is 36 a multiple of 18?
True
Does 15 divide 27235?
False
Is 408 a multiple of 34?
True
Is 11 a factor of 904?
False
Is 30 a multiple of 30?
True
Does 5 divide 2377?
False
Is 44 a factor of 231?
False
Does 157 divide 6618?
False
Is 585 a multiple of 45?
True
Is 126 a factor of 5548?
False
Is 79 a factor of 21184?
False
Is 666 a multiple of 15?
False
Is 58 a factor of 3810?
False
Is 9 a factor of 432?
True
Does 64 divide 387?
False
Does 67 divide 6357?
False
Does 20 divide 168?
False
Is 13 a factor of 82?
False
Does 201 divide 19095?
True
Does 17 divide 935?
True
Is 2132 a multiple of 78?
False
Is 19 a factor of 54587?
True
Is 15 a factor of 4095?
True
Is 56 a factor of 101528?
True
Does 34 divide 2693?
False
Is 20 a factor of 19400?
True
Is 24 a factor of 61?
False
Is 74655 a multiple of 63?
True
Does 36 divide 1512?
True
Does 9 divide 22990?
False
Does 25 divide 100?
True
Is 13 a factor of 97?
False
Is 211 a factor of 7899?
False
Is 8771 a multiple of 49?
True
Is 210 a factor of 98715?
False
Is 2438 a multiple of 106?
True
Is 448 a multiple of 8?
True
Is 1530 a multiple of 68?
False
Is 3 a factor of 91?
False
Is 19386 a multiple of 115?
False
Does 16 divide 288?
True
Does 22 divide 440?
True
Does 16 divide 1616?
True
Does 24 divide 91971?
False
Is 10 a factor of 221?
False
Does 5 divide 10179?
False
Does 111 divide 11979?
False
Is 11 a factor of 1078?
True
Does 25 divide 30475?
True
Does 128 divide 2944?
True
Does 7 divide 32299?
False
Is 254 a multiple of 14?
False
Does 32 divide 82501?
False
Is 141 a factor of 24534?
True
Is 7 a factor of 123?
False
Is 33 a factor of 86985?
False
Is 18 even?
True
Does 48 divide 8976?
True
Is 15 a factor of 22383?
False
Does 19 divide 2295?
False
Is 3521 a multiple of 13?
False
Is 8 a factor of 224?
True
Is 2388 a multiple of 20?
False
Is 115 a factor of 710?
False
Is 10 a factor of 10?
True
Is 680 a multiple of 8?
True
Does 57 divide 11514?
True
Does 20 divide 14340?
True
Is 25 a factor of 66800?
True
Is 973 a multiple of 60?
False
Is 42 a factor of 225?
False
Is 7 a factor of 128765?
True
Is 294 a multiple of 6?
True
Does 10 divide 562?
False
Is 104 a factor of 2288?
True
Is 2890 a multiple of 34?
True
Is 310 a multiple of 20?
False
Does 14 divide 336?
True
Does 62 divide 1449?
False
Does 143 divide 31174?
True
Is 22 a factor of 3916?
True
Is 21 a factor of 567?
True
Is 41 a factor of 1927?
True
Is 26 a factor of 2646?
False
Does 18 divide 864?
True
Is 7992 a multiple of 39?
False
Is 32890 a multiple of 46?
True
Is 20211 a multiple of 5?
False
Is 15438 a multiple of 62?
True
Does 117 divide 17457?
False
Is 42 a factor of 13776?
True
Is 108 a multiple of 3?
True
Is 41769 a multiple of 60?
False
Does 5 divide 177?
False
Does 152 divide 47576?
True
Is 75 a factor of 12675?
True
Is 5 a factor of 380?
True
Is 545 a multiple of 20?
False
Is 171 a multiple of 6?
False
Is 110 a factor of 3410?
True
Is 18 a factor of 234?
True
Does 5 divide 11647?
False
Is 3 a factor of 6?
True
Is 406 a multiple of 55?
False
Is 16779 a multiple of 61?
False
Is 12 a factor of 528?
True
Is 25 a factor of 26866?
False
Does 34 divide 170?
True
Does 19 divide 5880?
False
Is 15401 a multiple of 39?
False
Is 6500 a multiple of 9?
False
Is 9725 a multiple of 23?
False
Is 10 a factor of 555?
False
Is 3251 a multiple of 62?
False
Is 12803 a multiple of 5?
False
Does 41 divide 694?
False
Is 3095 a multiple of 4?
False
Does 9 divide 477?
True
Does 55 divide 4537?
False
Is 42 a factor of 8862?
True
Is 4738 a multiple of 23?
True
Is 10387 a multiple of 221?
True
Is 22 a factor of 44?
True
Is 11870 a multiple of 10?
True
Is 64 a factor of 5440?
True
Is 17 a factor of 5355?
True
Is 21 a factor of 41101?
False
Does 3 divide 75?
True
Is 21 a factor of 4389?
True
Is 48 a factor of 72432?
True
Does 104 divide 7198?
False
Is 9050 a multiple of 16?
False
Is 1467 a multiple of 3?
True
Is 4933 a multiple of 12?
False
Is 165 a multiple of 11?
True
Is 785 a multiple of 21?
False
Does 3 divide 9576?
True
Is 49540 a multiple of 81?
False
Is 53 a factor of 3642?
False
Does 7 divide 184?
False
Is 135 a factor of 6750?
True
Does 30 divide 34980?
True
Does 94 divide 4700?
True
Is 51 a factor of 652?
False
Does 119 divide 7906?
False
Is 2795 a multiple of 43?
True
Is 3 a factor of 33?
True
Is 3 a factor of 1231?
False
Does 32 divide 239?
False
Does 44 divide 842?
False
Does 20 divide 4980?
True
Does 11 divide 22374?
True
Is 44 a factor of 28159?
False
Is 10443 a multiple of 19?
False
Does 83 divide 1162?
True
Does 102 divide 13239?
False
Is 80 a factor of 510?
False
Is 13 a factor of 166210?
False
Is 4 a factor of 436?
True
Does 8 divide 1888?
True
Does 4 divide 284?
True
Does 8 divide 728?
True
Is 2791 a multiple of 46?
False
Does 28 divide 252?
True
Does 21 divide 2633?
False
Is 31 a factor of 496?
True
Does 143 divide 6221?
False
Does 22 divide 39776?
True
Is 8 a factor of 176?
True
Does 13 divide 936?
True
Is 19164 a multiple of 13?
False
Is 1034 a multiple of 9?
False
Is 12582 a multiple of 16?
False
Does 9 divide 5012?
False
Is 8015 a multiple of 28?
False
Is 5562 a multiple of 2?
True
Is 14 a factor of 51800?
True
Is 149 a factor of 57961?
True
Is 31 a factor of 1364?
True
Is 167 a factor of 27941?
False
Is 14 a factor of 482?
False
Is 4464 a multiple of 54?
False
Does 6 divide 2804?
False
Does 8 divide 886?
False
Does 14 divide 1148?
True
Does 11 divide 1221?
True
Is 215 a multiple of 5?
True
Is 1375 a multiple of 14?
False
Is 2128 a multiple of 28?
True
Does 4 divide 35?
False
Is 20 a factor of 2951?
False
Is 83 a factor of 781?
False
Is 1175 a multiple of 23?
False
Does 76 divide 153?
False
Does 46 divide 106387?
False
Is 169 a multiple of 3?
False
Is 1750 a multiple of 25?
True
Is 5 a factor of 585?
True
Is 4519 a multiple of 25?
False
Does 9 divide 1131?
False
Does 23 divide 368?
True
Is 145 a m